er?
True
Is 86511947 a composite number?
True
Is 72581077 a composite number?
True
Is 10763239 composite?
False
Is 682511 a composite number?
False
Is 18704489 composite?
False
Is 28866853 prime?
True
Is 254920451 composite?
False
Is 13103473 composite?
True
Is 809157385 prime?
False
Is 880903 a composite number?
False
Is 26773589 prime?
False
Is 37056823 prime?
True
Is 363933373 prime?
True
Is 76181151 a composite number?
True
Is 105554543 a composite number?
True
Is 91325651 composite?
True
Is 116127793 composite?
True
Is 11951297 a prime number?
False
Is 607283 composite?
True
Is 96308543 a prime number?
True
Is 97873927 a prime number?
False
Is 4586297 a prime number?
True
Is 213518479 a composite number?
True
Is 2432769 composite?
True
Is 13400381 composite?
True
Is 5044307 prime?
True
Is 270301 prime?
False
Is 192417055 prime?
False
Is 81498137 composite?
True
Is 61529981 composite?
True
Is 1157567 a prime number?
False
Is 24930743 composite?
False
Is 140893157 a composite number?
False
Is 365504089 prime?
True
Is 8236717 prime?
True
Is 3419453 a prime number?
True
Is 4867207 prime?
True
Is 164651237 a composite number?
False
Is 287921 a prime number?
True
Is 76470299 a composite number?
True
Is 1944057 prime?
False
Is 63189143 a prime number?
True
Is 214344697 composite?
True
Is 158142839 a prime number?
True
Is 3452609 a composite number?
False
Is 96888917 composite?
False
Is 550883 prime?
False
Is 11059073 a composite number?
False
Is 2565177 a prime number?
False
Is 208632923 a composite number?
False
Is 3343631 composite?
False
Is 7817041 a composite number?
False
Is 4707557 composite?
True
Is 44209 a composite number?
True
Is 12540877 a prime number?
True
Is 868325905 a prime number?
False
Is 287024117 prime?
True
Is 8044271 composite?
False
Is 79128479 prime?
False
Is 6625571 a prime number?
True
Is 49851457 a composite number?
True
Is 21882461 prime?
True
Is 421615577 prime?
True
Is 44769 prime?
False
Is 160545277 a composite number?
False
Is 491237051 composite?
False
Is 63217321 a composite number?
True
Is 314610861 a prime number?
False
Is 10302179 a prime number?
True
Is 4386995 a prime number?
False
Is 212791 a prime number?
True
Is 878760157 composite?
True
Is 157457957 composite?
False
Is 12418883 prime?
True
Is 69544907 prime?
True
Is 19886731 a composite number?
False
Is 688529 a composite number?
True
Is 37911374 composite?
True
Is 970607 a composite number?
True
Is 3083207 prime?
False
Is 29322049 composite?
False
Is 4842953 composite?
False
Is 71303857 a prime number?
True
Is 28739 composite?
True
Is 3029657 prime?
False
Is 5213651 prime?
False
Is 83449 a composite number?
False
Is 136046 a prime number?
False
Is 67765 a composite number?
True
Is 7730857 a composite number?
True
Is 27655799 a prime number?
True
Is 1787309 a composite number?
False
Is 1978099 prime?
False
Is 3873057 a prime number?
False
Is 14800991 composite?
True
Is 83220451 composite?
False
Is 10982093 a composite number?
False
Is 3609077 prime?
False
Is 9296291 composite?
True
Is 1104157 composite?
False
Is 87722519 a prime number?
True
Is 325604291 composite?
True
Is 33548891 a prime number?
False
Is 126415897 a composite number?
False
Is 1281377 a prime number?
False
Is 2566451 prime?
False
Is 5834243 prime?
True
Is 875189659 prime?
True
Is 21917281 a composite number?
False
Is 74218223 composite?
True
Is 2659483 composite?
False
Is 28230353 a prime number?
False
Is 76234373 composite?
True
Is 432631 a composite number?
False
Is 3355181 a composite number?
False
Is 1148218 a prime number?
False
Is 3065131 prime?
True
Is 6717259 prime?
False
Is 4090001 composite?
False
Is 360271 a prime number?
True
Is 5054939 composite?
False
Is 130640567 prime?
True
Is 7421717 a composite number?
False
Is 87533077 a prime number?
False
Is 22327177 composite?
False
Is 3339211 composite?
True
Is 47800951 composite?
True
Is 7500707 a composite number?
False
Is 8927063 prime?
True
Is 368609 a composite number?
False
Is 199735933 prime?
False
Is 25285253 a composite number?
True
Is 8807779 a composite number?
False
Is 19085771 a prime number?
True
Is 83962321 composite?
False
Is 55440599 a composite number?
False
Is 41870393 composite?
False
Is 9225539 a prime number?
True
Is 239013926 composite?
True
Is 25132937 a composite number?
True
Is 657029927 a composite number?
False
Is 1022002 prime?
False
Is 54004877 composite?
False
Is 331410581 a composite number?
True
Is 93684853 composite?
False
Is 45657929 prime?
True
Is 165135119 a composite number?
True
Is 1710529 a prime number?
True
Is 3492281 composite?
True
Is 109553 prime?
False
Is 246016279 composite?
True
Is 44365819 a composite number?
False
Is 14470429 a composite number?
False
Is 213104737 a composite number?
False
Is 26508747 a composite number?
True
Is 127782241 prime?
False
Is 83078169 a prime number?
False
Is 53555923 a prime number?
True
Is 17718901 a prime number?
False
Is 94617265 a composite number?
True
Is 745939529 prime?
True
Is 17798363 a composite number?
True
Is 248511347 a prime number?
False
Is 3010741 a composite number?
True
Is 1762297 a prime number?
True
Is 11061931 a composite number?
False
Is 2707441 a prime number?
False
Is 13023847 composite?
False
Is 1548627 a prime number?
False
Is 8082521 composite?
False
Is 19812599 prime?
False
Is 2790241 composite?
True
Is 59537 a prime number?
False
Is 386397289 a prime number?
True
Is 1177885 a prime number?
False
Is 696569 composite?
False
Is 14794501 a prime number?
False
Is 242143543 prime?
False
Is 4605299 a composite number?
False
Is 1737793 prime?
True
Is 8734067 prime?
False
Is 578497 a prime number?
True
Is 21536731 a composite number?
True
Is 185455453 prime?
True
Is 39437731 composite?
True
Is 8167193 prime?
False
Is 212467 a prime number?
True
Is 2474999 a composite number?
False
Is 2152393 a composite number?
False
Is 377287447 a composite number?
False
Is 7784159 prime?
True
Is 161710301 a prime number?
True
Is 117985133 composite?
True
Is 68382905 a composite number?
True
Is 1983623 composite?
True
Is 65159 a composite number?
True
Is 1710793 prime?
False
Is 1840103 prime?
False
Is 141405755 a composite number?
True
Is 922123 prime?
True
Is 93906053 a prime number?
False
Is 109240337 prime?
True
Is 10734049 a prime number?
True
Is 1151467 composite?
True
Is 1977929 a composite number?
False
Is 1967387 a composite number?
False
Is 2228821 a prime number?
False
Is 125231839 a prime number?
True
Is 454451 a composite number?
False
Is 240527671 a composite number?
True
Is 146019691 a prime number?
False
Is 163867 composite?
True
Is 234070151 a prime number?
False
Is 4427329 prime?
True
Is 15409703 composite?
True
Is 209656727 a prime number?
False
Is 151856813 prime?
False
Is 32411047 composite?
True
Is 15279031 a prime number?
False
Is 634554157 a prime number?
True
Is 11585437 composite?
False
Is 28207961 a composite number?
True
Is 55828381 a composite number?
True
Is 9340777 composite?
False
Is 34649 a prime number?
True
Is 2818451 a composite number?
False
Is 113424979 a composite number?
False
Is 7487999 prime?
False
Is 14149111 composite?
False
Is 258587993 a composite number?
True
Is 20518019 prime?
True
Is 5809829 prime?
True
Is 3625683 prime?
False
Is 5638601 a prime number?
True
Is 26167201 prime?
False
Is 20972977 composite?
False
Is 3867533 composite?
False
Is 124774583 prime?
True
Is 1858033 composite?
False
Is 25019177 composite?
True
Is 7479049 a prime number?
False
Is 433367 a composite number?
True
Is 1935407 prime?
True
Is 138780779 prime?
True
Is 6713423 a composite number?
True
Is 10777933 a prime number?
False
Is 4533497 a prime number?
True
Is 133727927 prime?
True
Is 3551923 a composite number?
True
Is 11699669 prime?
True
Is 2178983 composite?
False
Is 65204023 prime?
True
Is 95334917 composite?
False
Is 1443899 composite?
False
Is 5307719 composite?
False
Is 33462091 a composite number?
True
Is 14650117 a prime number?
False
Is 1927769 a composite number?
True
Is 519144319 a composite number?
False
Is 155202857 a composite number?
False
Is 3291953 prime?
False
Is 2386369 a prime number?
True
Is 30116093 a prime number?
False
Is 1723063 a prime number?
True
Is 204133 a prime number?
True
Is 57726943 pr